{"id":154,"date":"2020-04-22T16:56:26","date_gmt":"2020-04-22T14:56:26","guid":{"rendered":"http:\/\/ecolesaintetheresesulniac.com\/?page_id=154"},"modified":"2020-04-28T12:21:29","modified_gmt":"2020-04-28T10:21:29","slug":"le-projet-educatif","status":"publish","type":"page","link":"https:\/\/ecolesaintetheresesulniac.com\/index.php\/le-projet-educatif\/","title":{"rendered":"Le projet \u00e9ducatif"},"content":{"rendered":"<p><em>L\u2019\u00c9cole Sainte Th\u00e9r\u00e8se est ouverte \u00e0 tous. Ainsi, notre \u00e9tablissement, par sa contribution au service \u00e9ducatif de la Nation, rend un service d\u2019int\u00e9r\u00eat g\u00e9n\u00e9ral. C\u2019est pourquoi il est associ\u00e9 \u00e0 l\u2019\u00c9tat par contrat, dans le cadre de la loi Debr\u00e9 de 1959 et de la loi Rocard de 1984.<\/em><\/p>\n<p><em>Ce projet comprend notamment un parcours citoyen, permettant de d\u00e9couvrir et de vivre les valeurs de la R\u00e9publique. La libert\u00e9, l\u2019\u00e9galit\u00e9 et la fraternit\u00e9 ne peuvent se construire que dans un espace o\u00f9 chacun peut partager sa culture et exprimer ses convictions dans la connaissance et le respect de celles d\u2019autrui.<\/em><\/p>\n<p><em>La libert\u00e9 de conscience et la libert\u00e9 de religion\u00a0 sont aussi garanties par le principe de la\u00efcit\u00e9. Cela cr\u00e9e le cadre n\u00e9cessaire aux \u00e9changes et au dialogue indispensables pour fonder un projet de soci\u00e9t\u00e9 commun. <\/em><\/p>\n<p><em>\u00a0<\/em><\/p>\n<p>Par cons\u00e9quent, l\u2019\u00c9cole Sainte Th\u00e9r\u00e8se est :<\/p>\n<p><strong><u>Une \u00e9cole qui souhaite valoriser la personne<\/u><\/strong><\/p>\n<p>Accompagner chaque enfant pour un plein \u00e9panouissement<\/p>\n<ul>\n<li>en d\u00e9veloppant le go\u00fbt de l\u2019effort, de la pers\u00e9v\u00e9rance et encourager la prise d\u2019initiative<\/li>\n<li>en permettant \u00e0 l\u2019enfant d\u2019atteindre le meilleur niveau en prenant en consid\u00e9ration ses r\u00e9ussites et ses difficult\u00e9s<\/li>\n<li>en favorisant l\u2019entraide entre les enfants<\/li>\n<li>en red\u00e9finissant le r\u00f4le de l\u2019\u00e9valuation et lui donner du sens<\/li>\n<li>en aidant chaque enfant \u00e0 se situer dans son parcours scolaire<\/li>\n<li>en diversifiant les m\u00e9thodes d\u2019apprentissage<\/li>\n<\/ul>\n<p>&nbsp;<\/p>\n<p><strong><u>Une \u00e9cole qui accueille et accompagne<\/u><\/strong><\/p>\n<p>Faire grandir<\/p>\n<ul>\n<li>en prenant le temps d\u2019accueillir chacun\u00a0: enfant, famille, personnel ou enseignant<\/li>\n<li>en instaurant un climat de confiance, d\u2019\u00e9coute, de soutien<\/li>\n<\/ul>\n<p>Valoriser<\/p>\n<ul>\n<li>en favorisant une p\u00e9dagogie de la r\u00e9ussite<\/li>\n<li>en renfor\u00e7ant l\u2019estime de soi<\/li>\n<li>en favorisant l\u2019encouragement<\/li>\n<\/ul>\n<p>Aider \u00e0 se construire<\/p>\n<ul>\n<li>en d\u00e9veloppant la coh\u00e9rence \u00e9ducative famille-\u00e9cole<\/li>\n<li>en cr\u00e9ant des liens entre cycles et classes dans notre \u00e9cole<\/li>\n<\/ul>\n<p>&nbsp;<\/p>\n<p><strong><u>Une \u00e9cole catholique qui vit et annonce la Bonne Nouvelle<\/u><\/strong><\/p>\n<ul>\n<li>en partageant les temps forts de l\u2019ann\u00e9e liturgique et scolaire avec l\u2019ensemble de la<br \/>\ncommunaut\u00e9 \u00e9ducative (rentr\u00e9e, No\u00ebl, P\u00e2ques, fin d\u2019ann\u00e9e)<\/li>\n<li>en proposant l\u2019\u00e9veil \u00e0 la foi ou la cat\u00e9ch\u00e8se<\/li>\n<li>en renfor\u00e7ant le lien avec la paroisse (intervention ponctuelle du pr\u00eatre \u00e0 l\u2019\u00e9cole,<br \/>\npr\u00e9paration des enfants \u00e0 la messe des familles)<\/li>\n<\/ul>\n<p>&nbsp;<\/p>\n<p><strong><u>Une \u00e9cole qui facilite la vie en communaut\u00e9 \u00e9ducative<\/u><\/strong><\/p>\n<p>Mettre en avant la notion de respect<\/p>\n<ul>\n<li>en respectant les valeurs \u00e9ducatives et pastorales<\/li>\n<li>en respectant les diff\u00e9rences (scolaires, sociales, culturelles, religieuses, physiques)<\/li>\n<li>en respectant le travail de chacun (personnel, enseignants, enfants, associations de l\u2019\u00e9cole)<\/li>\n<li>en respectant le fonctionnement de l\u2019\u00e9tablissement, les locaux, le mat\u00e9riel<\/li>\n<\/ul>\n<p>Prendre le temps de l\u2019\u00e9coute<\/p>\n<ul>\n<li>en \u00e9tant \u00e0 l\u2019\u00e9coute de chaque enfant, de ses r\u00e9ussites, de ses difficult\u00e9s, de ses joies, de ses craintes<\/li>\n<\/ul>\n<p>Instaurer un climat de confiance<\/p>\n<ul>\n<li>en d\u00e9veloppant la confiance en soi<\/li>\n<li>en facilitant les \u00e9changes avec les parents, les enfants<\/li>\n<\/ul>\n<p>&nbsp;<\/p>\n<p><strong><u>Une \u00e9cole qui s\u2019ouvre aux autres<\/u><\/strong><\/p>\n<p>Au sein de l\u2019\u00e9cole<\/p>\n<ul>\n<li>en favorisant la communication entre les diff\u00e9rents partenaires de la communaut\u00e9 \u00e9ducative (r\u00e9unions de classes, entretiens individuels, courriers \u00e9lectroniques, site internet, d\u00e9bats\u2026)<\/li>\n<li>en poursuivant le partenariat \u00e9cole\/associations de parents<\/li>\n<li>en impliquant les \u00e9l\u00e8ves dans la vie de l\u2019\u00e9tablissement (conseil des \u00e9l\u00e8ves, \u2026)<\/li>\n<li>en valorisant la formation continue et les \u00e9changes de comp\u00e9tences entre enseignants, les \u00e9changes entre les classes<\/li>\n<li>en prenant en compte la singularit\u00e9 de chacun\u00a0: groupes de besoin, projets individualis\u00e9s, intervention de l\u2019enseignante sp\u00e9cialis\u00e9e, APC (Activit\u00e9s P\u00e9dagogiques Compl\u00e9mentaires)<\/li>\n<\/ul>\n<p>Avec d\u2019autres \u00e9tablissements scolaires<\/p>\n<ul>\n<li>en \u00e9changeant avec d\u2019autres \u00e9l\u00e8ves\u00a0(correspondances scolaires, rencontres UGSEL\u2026)<\/li>\n<li>en renfor\u00e7ant les liens avec les \u00e9coles du r\u00e9seau, le coll\u00e8ge<\/li>\n<\/ul>\n<p>Avec d\u2019autres partenaires<\/p>\n<ul>\n<li>en \u00e9tablissant des liens avec les partenaires ext\u00e9rieurs (mairie, paroisse, CPEA, orthophonistes, \u2026)<\/li>\n<li>en \u00e9tant solidaire (participation \u00e0 des actions caritatives&#8230;)<\/li>\n<\/ul>\n","protected":false},"excerpt":{"rendered":"<p>L\u2019\u00c9cole Sainte Th\u00e9r\u00e8se est ouverte \u00e0 tous. Ainsi, notre \u00e9tablissement, par sa contribution au service \u00e9ducatif de la Nation, rend un service d\u2019int\u00e9r\u00eat g\u00e9n\u00e9ral. C\u2019est pourquoi il est associ\u00e9 \u00e0 l\u2019\u00c9tat par contrat, dans le cadre de la loi Debr\u00e9 de 1959 et de la loi Rocard de 1984. Ce projet comprend notamment un parcours [&hellip;]<\/p>\n","protected":false},"author":1,"featured_media":0,"parent":0,"menu_order":0,"comment_status":"closed","ping_status":"closed","template":"","meta":{"ngg_post_thumbnail":0,"footnotes":""},"class_list":["post-154","page","type-page","status-publish","czr-hentry"],"_links":{"self":[{"href":"https:\/\/ecolesaintetheresesulniac.com\/index.php\/wp-json\/wp\/v2\/pages\/154","targetHints":{"allow":["GET"]}}],"collection":[{"href":"https:\/\/ecolesaintetheresesulniac.com\/index.php\/wp-json\/wp\/v2\/pages"}],"about":[{"href":"https:\/\/ecolesaintetheresesulniac.com\/index.php\/wp-json\/wp\/v2\/types\/page"}],"author":[{"embeddable":true,"href":"https:\/\/ecolesaintetheresesulniac.com\/index.php\/wp-json\/wp\/v2\/users\/1"}],"replies":[{"embeddable":true,"href":"https:\/\/ecolesaintetheresesulniac.com\/index.php\/wp-json\/wp\/v2\/comments?post=154"}],"version-history":[{"count":2,"href":"https:\/\/ecolesaintetheresesulniac.com\/index.php\/wp-json\/wp\/v2\/pages\/154\/revisions"}],"predecessor-version":[{"id":264,"href":"https:\/\/ecolesaintetheresesulniac.com\/index.php\/wp-json\/wp\/v2\/pages\/154\/revisions\/264"}],"wp:attachment":[{"href":"https:\/\/ecolesaintetheresesulniac.com\/index.php\/wp-json\/wp\/v2\/media?parent=154"}],"curies":[{"name":"wp","href":"https:\/\/api.w.org\/{rel}","templated":true}]}}