{"id":183,"date":"2020-04-23T10:39:06","date_gmt":"2020-04-23T08:39:06","guid":{"rendered":"http:\/\/ecolesaintetheresesulniac.com\/?page_id=183"},"modified":"2020-04-28T11:55:57","modified_gmt":"2020-04-28T09:55:57","slug":"garderie-periscolaire-et-restaurant-scolaire","status":"publish","type":"page","link":"https:\/\/ecolesaintetheresesulniac.com\/index.php\/garderie-periscolaire-et-restaurant-scolaire\/","title":{"rendered":"Garderie p\u00e9riscolaire et restaurant scolaire"},"content":{"rendered":"<div class=\"vc_col-sm-6 wpb_column vc_column_container align-left\">\n<div class=\"vc_column-inner \">\n<div class=\"wpb_wrapper\">\n<div class=\"wpb_text_column wpb_content_element \">\n<div class=\"wpb_wrapper\">\n<p>La garderie p\u00e9riscolaire et le restaurant scolaire sont des services municipaux. Pour toute inscription \u00e0 ces services, m\u00eame occasionnelle, il est n\u00e9cessaire de remplir un dossier et de le rapporter \u00e0 la Mairie ou \u00e0 la Maison de l&#8217;Enfance appel\u00e9e La P&#8217;tite Pom. Demander le dossier \u00e0 l\u2019\u00e9cole si besoin.<\/p>\n<h3>Garderie p\u00e9riscolaire<\/h3>\n<p>L&#8217;accueil p\u00e9riscolaire a lieu dans les locaux de La P&#8217;tite Pom. Cette garderie est ouverte tous les jours, le matin de 7h15 \u00e0 8h35 et le soir de 16h30 \u00e0 19h.<\/p>\n<h3>Restaurant scolaire<\/h3>\n<p>Le restaurant scolaire se situe aux Jardins d\u2019Altenbruch (salle des f\u00eates) et fonctionne pour les deux \u00e9coles du Bourg. Plusieurs services sont propos\u00e9s en fonction de l&#8217;\u00e2ge des enfants afin de leur apporter de bonnes conditions d&#8217;accueil.<\/p>\n<\/div>\n<\/div>\n<\/div>\n<\/div>\n<\/div>\n<p>A partir du CP, les enfants se servent eux-m\u00eames dans le cadre d\u2019un self-service. Ceci contribue \u00e0 l\u2019acquisition de leur autonomie. Pour les enfants de maternelle, le service se fait \u00e0 table.<\/p>\n<p>Le restaurant scolaire veille \u00e0 l\u2019\u00e9quilibre alimentaire des repas. Afin de conserver une participation active des \u00e9coles et des parents sur ce dossier qui les int\u00e9resse directement, le Conseil Municipal\u00a0 a constitu\u00e9 une commission extra-municipale, compos\u00e9e d&#8217;\u00e9lus, de parents d&#8217;\u00e9l\u00e8ves et des directeurs et enseignants des deux \u00e9coles. Cette commission compose les menus en \u00e9troite collaboration avec le cuisinier et le personnel en cuisine. Elle peut \u00e9galement se faire assister de personnes ext\u00e9rieures (nutritionniste, &#8230;).<\/p>\n","protected":false},"excerpt":{"rendered":"<p>La garderie p\u00e9riscolaire et le restaurant scolaire sont des services municipaux. Pour toute inscription \u00e0 ces services, m\u00eame occasionnelle, il est n\u00e9cessaire de remplir un dossier et de le rapporter \u00e0 la Mairie ou \u00e0 la Maison de l&#8217;Enfance appel\u00e9e La P&#8217;tite Pom. Demander le dossier \u00e0 l\u2019\u00e9cole si besoin. Garderie p\u00e9riscolaire L&#8217;accueil p\u00e9riscolaire a [&hellip;]<\/p>\n","protected":false},"author":1,"featured_media":0,"parent":0,"menu_order":0,"comment_status":"closed","ping_status":"closed","template":"","meta":{"ngg_post_thumbnail":0,"footnotes":""},"class_list":["post-183","page","type-page","status-publish","czr-hentry"],"_links":{"self":[{"href":"https:\/\/ecolesaintetheresesulniac.com\/index.php\/wp-json\/wp\/v2\/pages\/183","targetHints":{"allow":["GET"]}}],"collection":[{"href":"https:\/\/ecolesaintetheresesulniac.com\/index.php\/wp-json\/wp\/v2\/pages"}],"about":[{"href":"https:\/\/ecolesaintetheresesulniac.com\/index.php\/wp-json\/wp\/v2\/types\/page"}],"author":[{"embeddable":true,"href":"https:\/\/ecolesaintetheresesulniac.com\/index.php\/wp-json\/wp\/v2\/users\/1"}],"replies":[{"embeddable":true,"href":"https:\/\/ecolesaintetheresesulniac.com\/index.php\/wp-json\/wp\/v2\/comments?post=183"}],"version-history":[{"count":3,"href":"https:\/\/ecolesaintetheresesulniac.com\/index.php\/wp-json\/wp\/v2\/pages\/183\/revisions"}],"predecessor-version":[{"id":255,"href":"https:\/\/ecolesaintetheresesulniac.com\/index.php\/wp-json\/wp\/v2\/pages\/183\/revisions\/255"}],"wp:attachment":[{"href":"https:\/\/ecolesaintetheresesulniac.com\/index.php\/wp-json\/wp\/v2\/media?parent=183"}],"curies":[{"name":"wp","href":"https:\/\/api.w.org\/{rel}","templated":true}]}}

Garderie périscolaire et restaurant scolaire

<div class="vc_col-sm-6 wpb_column vc_column_container align-left">
<div class="vc_column-inner ">
<div class="wpb_wrapper">
<div class="wpb_text_column wpb_content_element ">
<div class="wpb_wrapper">
<p>La garderie périscolaire et le restaurant scolaire sont des services municipaux. Pour toute inscription à ces services, même occasionnelle, il est nécessaire de remplir un dossier et de le rapporter à la Mairie ou à la Maison de l&#8217;Enfance appelée La P&#8217;tite Pom. Demander le dossier à l’école si besoin.</p>
<h3>Garderie périscolaire</h3>
<p>L&#8217;accueil périscolaire a lieu dans les locaux de La P&#8217;tite Pom. Cette garderie est ouverte tous les jours, le matin de 7h15 à 8h35 et le soir de 16h30 à 19h.</p>
<h3>Restaurant scolaire</h3>
<p>Le restaurant scolaire se situe aux Jardins d’Altenbruch (salle des fêtes) et fonctionne pour les deux écoles du Bourg. Plusieurs services sont proposés en fonction de l&#8217;âge des enfants afin de leur apporter de bonnes conditions d&#8217;accueil.</p>
</div>
</div>
</div>
</div>
</div>
<p>A partir du CP, les enfants se servent eux-mêmes dans le cadre d’un self-service. Ceci contribue à l’acquisition de leur autonomie. Pour les enfants de maternelle, le service se fait à table.</p>
<p>Le restaurant scolaire veille à l’équilibre alimentaire des repas. Afin de conserver une participation active des écoles et des parents sur ce dossier qui les intéresse directement, le Conseil Municipal  a constitué une commission extra-municipale, composée d&#8217;élus, de parents d&#8217;élèves et des directeurs et enseignants des deux écoles. Cette commission compose les menus en étroite collaboration avec le cuisinier et le personnel en cuisine. Elle peut également se faire assister de personnes extérieures (nutritionniste, &#8230;).</p>

<p>La garderie périscolaire et le restaurant scolaire sont des services municipaux. Pour toute inscription à ces services, même occasionnelle, il est nécessaire de remplir un dossier et de le rapporter à la Mairie ou à la Maison de l&#8217;Enfance appelée La P&#8217;tite Pom. Demander le dossier à l’école si besoin. Garderie périscolaire L&#8217;accueil périscolaire a [&hellip;]</p>
